ghest common divisor of h and u?
4
Let h(m) = 9*m**2 + 2*m - 105. Let x be h(12). What is the highest common divisor of x and 45?
45
Suppose -9*t + 10 = -4*t. Let p be (18/3 - t) + 80. What is the greatest common factor of p and 28?
28
Let d(j) = -171*j - 133. Let n be d(-1). Calculate the greatest common factor of n and 2698.
38
Suppose -11*r = -3*r - 152. Calculate the greatest common factor of r and 228.
19
Let c(r) = r**2 + 11*r + 16. Let j be (-184)/18 - 1*6/(-27). Let o be c(j). What is the greatest common factor of o and 66?
6
Let k(g) = 0*g**2 + 6*g**2 - 2*g**2 + 7 + 3*g. Let a be k(-3). What is the highest common factor of 51 and a?
17
Suppose -7*o = -3*o - 20. Suppose -o*g = m - 460, 4*m + 0*g - 1804 = -2*g. Let r = m - 261. Calculate the highest common factor of 27 and r.
27
Let n be (42/35)/((-12)/(-810)). What is the greatest common factor of n and 63?
9
Let r = 50 + -48. Suppose r*i + 17 = 39. What is the greatest common divisor of i and 132?
11
Let k be 673/5 + (-20)/(-50). Suppose 3*p + 5 - 167 = 0. What is the greatest common factor of p and k?
27
Let m(q) = q**2 - 45*q - 256. Let h be m(-6). What is the greatest common factor of h and 130?
10
Let o be 6*30/9 - -2. Suppose b = 3*g - 2, 5*b = 4 + 16. What is the greatest common divisor of g and o?
2
Let h(p) = p - 3. Let b be h(5). Let d(q) = -b + 2 + 2*q**2 - 4 + q. Let g be d(-8). Calculate the greatest common divisor of g and 29.
29
Suppose -2*q = 63 - 93. Let c(u) = -u**3 + 11*u**2 - 3*u - 10. Let l be c(10). Suppose 0 = o - l - 75. Calculate the greatest common factor of o and q.
15
Let n(d) = d**3 + 9*d**2 - 10*d - 6. Let g be n(-9). Let w(z) = 61*z**2 + 2. Let o be w(-1). What is the greatest common factor of o and g?
21
Let r = 5 + 13. Let x = -13 + r. Suppose -4*p = -3*g - 2 - 6, p = -g + 9. Calculate the highest common divisor of p and x.
5
Let n = -133 + 162. Suppose 5*q - 139 = -2*y, 0 = -5*q + y + 4*y + 160. What is the highest common divisor of n and q?
29
Let f(m) = -m**3 + 9*m**2 + 3*m - 4. Let g be f(10). Let o = 14 - g. What is the highest common factor of o and 8?
8
Suppose -37*t = -28*t. Let r be -165*(t + 6/(-10)). What is the greatest common divisor of 9 and r?
9
Suppose -2*d + 4 = -6. Suppose 0 = -280*p + 278*p + 70. Calculate the highest common divisor of p and d.
5
Let a(p) = -4*p + 149. Let g be a(32). Let t be 1 - (0 + -5)*46. Calculate the highest common factor of g and t.
21
Let a(o) be the second derivative of -o**5/20 - o**4/12 + o**3/3 + o**2 + o. Let z be a(-4). Let x = -3 + 9. Calculate the greatest common divisor of x and z.
6
Suppose 0 = -35*v + 785 - 191 + 71. Let k be (-680)/(-6) + 4/6. Calculate the highest common divisor of v and k.
19
Let a be (-13)/(26/8) - (-1 - 21). Suppose -2*v = v - 594. Calculate the greatest common divisor of v and a.
18
Let c = -1230 - -1244. What is the highest common factor of c and 77?
7
Let t = 15 - 14. Suppose 0 = -7*h + 3*h + i + 33, 5*i = -h + 24. What is the highest common divisor of h and t?
1
Let j be 47 + ((-48)/(-42) - (-2)/(-14)). Suppose 3*w - 6*w + j = 0. Calculate the greatest common factor of 176 and w.
16
Let i be 2/(-1) - (2 - 676/4). Calculate the highest common divisor of 75 and i.
15
Suppose 5*t - 5 = 0, 2*a - 1345 = 4*t + 1007. Calculate the greatest common factor of a and 62.
62
Let o be 921/(-9)*-3 - 0. Suppose -304 - 336 = 4*m. Let w = o + m. What is the greatest common factor of 21 and w?
21
Suppose 44 = -3*j + 2*u, 0 = -0*j + 4*j - u + 67. Let c = 38 - j. Suppose c - 20 = 4*g. What is the highest common divisor of g and 36?
9
Let z be (118/12)/((-29)/(-174)). Calculate the greatest common factor of 413 and z.
59
Let x = -50 + 81. What is the greatest common factor of x and 93?
31
Let z be 10/2 - 260/30*-3. What is the greatest common factor of z and 775?
31
Suppose -5*r + r + 4*n = 28, 0 = -4*r - n - 13. Let i(z) = -z**2 + 7*z - 2. Let t be i(5). Let b = r + t. What is the greatest common divisor of 32 and b?
4
Let c be 1580/18 - ((-160)/72)/10. Let z(p) = -p**2 - 10*p - 3. Let t be z(-5). What is the greatest common factor of c and t?
22
Let s = 806 - 654. What is the highest common divisor of s and 2052?
76
Suppose 3*l + 4 = -w + 9, 5*w - 4*l - 44 = 0. Let x(z) = -w - 14 - 1 - 3*z + 1. Let p be x(-10). What is the highest common divisor of p and 24?
8
Let u(l) = 2*l - 16. Let n be 7 - -1 - (-17 - -14). Let y be u(n). Calculate the highest common factor of 48 and y.
6
Suppose -3*f + 4*f - 366 = -4*a, 0 = -a - 2*f + 88. Calculate the highest common factor of 230 and a.
46
Let x be (-8326)/(-14) + 5/(140/8). Suppose 287 + x = 14*i. Let r = -27 - -48. Calculate the highest common divisor of r and i.
21
Let t be -6 + (-3 - -77) - (-1 + 3). Let p(o) = 5*o + 4 - 2 - 5. Let w be p(5). What is the highest common divisor of t and w?
22
Let b = 257 - 169. Let v(c) = 6*c. Let x be v(1). Let p = 2 + x. Calculate the greatest common factor of p and b.
8
Let u(b) = b**3 - 6*b**2 + 14*b - 14. Let i be u(4). What is the highest common divisor of i and 310?
10
Let x(u) = -5*u - 20. Let z be x(-5). Suppose 4*a + 18 = z*c, 3 = -2*a - 1. Calculate the highest common factor of 14 and c.
2
Suppose w = 3*g - 0*w - 40, -4*g + 32 = 4*w. Let j be (-2)/(-7) + 1476/126. Calculate the greatest common divisor of j and g.
12
Suppose -x = -5*z - 2 + 7, 4*z + 60 = 4*x. What is the highest common factor of x and 160?
20
Let p be (1 + -2 - -3) + -51 + 52. Suppose 0 = 3*r + a - 24, -4*r + 5*a = -26 - 25. Calculate the greatest common factor of r and p.
3
Suppose -14*m + 138 = -2. What is the greatest common divisor of 8 and m?
2
Let y(r) = -r**2 + 2*r + 11. Let a be y(5). Let h be 8/(-12)*78/a. Let m = 18 - h. What is the greatest common divisor of 30 and m?
5
Suppose 26 + 6 = 2*l. What is the greatest common factor of l and 144?
16
Let i(l) = 15*l**2 + 5*l + 15. Let z be i(-2). What is the greatest common divisor of z and 65?
65
Let r = -29 + 41. Let x(k) = 5*k - 14 - 14 + 33. Let s be x(5). Calculate the highest common factor of r and s.
6
Let z be (12*4/40)/(6/400). Suppose -4*r = -5*b + 14 + 144, -5*r = 3*b - z. What is the greatest common factor of 330 and b?
30
Let v = 192 - 126. Suppose -45 = 11*o - 13*o + b, o + 5*b = 17. Calculate the greatest common divisor of o and v.
22
Let z = 107 - 90. Suppose 4*x = x - 5*g + 357, -2*x - 2*g + 238 = 0. Calculate the greatest common factor of z and x.
17
Let y = 3314 - 1364. Calculate the greatest common factor of 78 and y.
78
Let y be (4 - (-1)/7*254)*7. What is the highest common divisor of y and 94?
94
Let a(t) = 2*t + 5. Let p be a(-9). Let j = 32 + p. Calculate the greatest common factor of j and 152.
19
Suppose 5168 = 99*c - 83*c. Suppose -6 = 4*n - 82. Calculate the greatest common factor of c and n.
19
Suppose 1938 = 20*d + 238. What is the greatest common factor of d and 20?
5
Suppose 0 = -14*s - 13 - 29. Let v be 24*((-19)/s + -5). Calculate the greatest common factor of 80 and v.
16
Suppose -41 = -7*r + 6*r. Let p = -36 + r. What is the highest common factor of 40 and p?
5
Suppose -5*v + 101 = -154. Suppose 0*u + 6*u = 204. Calculate the greatest common factor of v and u.
17
Suppose -2*c = 5*v - 475, 5*c - 902 = v + 353. Calculate the greatest common factor of 400 and c.
50
Suppose o - 17 = -5. Suppose 3*k = -3*v + 63, -o = 3*v + 4*k - 80. Let h be v - (6 - (2 + 1)). What is the highest common divisor of 26 and h?
13
Let j(m) = m**3 + 10*m**2 + 16*m - 9. Let g be j(-7). Calculate the highest common divisor of 26 and g.
26
Let n = -25 - -26. Suppose -2*m - n + 3 = -2*l, 2*m = -l + 11. Suppose 36 = -r + l*r. Calculate the highest common factor of 6 and r.
6
Let b = 8 + -6. Suppose 2*n + 120 = 2*o, 4*o - b*o - 85 = -5*n. Suppose 0 = -2*z - 3*z + o. What is the greatest common factor of z and 44?
11
Suppose -591*t + 583*t + 1664 = 0. Calculate the highest common factor of t and 676.
52
Let a(b) = -10*b - 5. Let c(k) = -12*k**2. Let z be c(-1). Let x be ((-10)/(-15))/(4/z). Let f be a(x). What is the greatest common factor of f and 15?
15
Suppose 3*g + 3*n - 9024 = 0, -12052 = -3*g - g + n. What is the highest common divisor of 12 and g?
12
Let l(s) = s**2 - 10*s - 5. Let x be l(-13). Calculate the greatest common factor of x and 126.
42
Suppose -p + 55 = 4*p. Le